e of 46 + -31 + -20 - (-2 + 0)?
-3
What is the value of -13 + 10 + (10 - 4)?
3
What is 7 - (0 - 2) - (101 + -98)?
6
Evaluate (1 - 14) + 0 + 6.
-7
Evaluate (6 - (-4 + 3)) + 0 + -18.
-11
Calculate (-32 - -46) + (-1 - (3 + -6)).
16
What is 17 + (-17 - (-28 - -8))?
20
58 - -2 - (50 + -9)
19
Evaluate -1 + -3 + (32 - 14) - (6 + -3).
11
3 + (0 - (9 + -9 + (5 - -1)))
-3
Evaluate 13 - (-1 + -3 + 9 - (4 + -1)).
11
Evaluate -9 + -9 + -4 + 17 + -6.
-11
What is -4 + (2 - -2) + (9 - 9)?
0
Evaluate (9 - (12 - 7)) + 1.
5
Evaluate 13 + -7 + -4 + 6.
8
What is the value of (8 - 2) + -56 + 56 + 3?
9
What is -1 + 10 + 117 + -124?
2
Calculate -7 - -11 - -10 - 1.
13
Calculate 5 + (34 - (-2 + 15 + -5) - 5).
26
What is -10 + (-19 - -25) + -22 - -4?
-22
(-21 - (11 + (-75 - -15))) + -3 + -1
24
Evaluate -5 + -9 + (2 - 0 - 4) + 4.
-12
Calculate 13 + (-6 - -21) - 15.
13
Evaluate (-6 - -28 - 4) + (4 - 12) + 7.
17
Evaluate 0 + 14 - (16 + 1).
-3
Evaluate 17 + -28 + -1 + 15.
3
Evaluate -16 + (16 - -18) + -10.
8
What is -16 + (-5 - -6 - -6 - 11)?
-20
What is the value of (-1 - -7 - -1) + -74 + 37?
-30
What is the value of -5 + -1 + (-14 - -7) + 7 - -6?
0
Evaluate 7 + 7 + -5 + -18.
-9
-7 - (12 - (-17 + 17))
-19
2 + -15 + (2 - (-1 + 3 + -1))
-12
What is the value of 19 + 3 + (-1 + 6 - (-49 + 54))?
22
1 - ((-20 - -7) + 27 - 12)
-1
What is -28 + 7 + -37 + 34?
-24
-878 + 874 + 17 + -1
12
What is the value of -41 - (-54 - -20) - (1 - (12 + -2))?
2
Evaluate (27 + -65 - -37) + 5 + -1.
3
Evaluate (-19 + 16 - 5) + 22.
14
-10 + 3 + -22 + 23
-6
What is the value of (-6 - 35) + 73 - (8 + 0)?
24
Calculate (-11 + 0 - (14 - 18)) + 13.
6
2127 + -2123 + (1 - -36)
41
What is the value of (-1 - -20 - 4) + 0 + -4?
11
(-3 - (-12 + -1)) + -30 - -1
-19
What is (-18 - (10 + 2)) + 18?
-12
What is the value of 7 + (-1 - 3) + -5 + 10 + 3?
11
Calculate 6 - (1 + -6 + 6 + -4 + -2).
11
Evaluate -1 - 13 - (10 - (11 + 7)).
-6
Calculate (-11 - (-2 + 11) - 2) + -6 + -5.
-33
What is 10 - -7 - 6 - (4 - -7)?
0
What is the value of -3 - 2 - 18 - (-49 + 40)?
-14
(1059 - 1054) + 25 + 1
31
0 + -1 + (3 + 8 - (-3 - 2))
15
Calculate 6 + -16 - 14 - -25.
1
Evaluate -13 - -5 - (-5 + (-6 - 12)).
15
What is the value of (-18 - (2 + -3 + -11)) + 8?
2
8 + 3 + -12 + (2 - -2)
3
Calculate -15 + (1 - -5 - 2) - -6 - -19.
14
What is 88 + -103 + -9 + 24?
0
-13 + 2 + (11 - -2) + 3
5
Calculate -1 + 4 + 6 - (-16 - -31).
-6
What is the value of -43 + -10 + 19 - -28?
-6
Calculate 15 - (7 - 8) - 10 - (0 + -19).
25
What is 15 + 2 + -2 + 218 + -216?
17
What is -5 - (3 + -11) - 9 - (-2 - -9)?
-13
What is the value of -4 + 8 - (7 + 2 + -7) - -8?
10
(5 - 21) + 23 + -12
-5
(-3 - 19) + (-7 - (-18 - -5))
-16
Calculate -5 - (1 + -8) - (2 + 10).
-10
-3 + (-5 - -12 - -4)
8
Evaluate -12 - (12 + (-28 - -11)).
-7
What is (2 - -1) + (-47 - -28) + 20 + 14?
18
Evaluate -21 + 10 - (6 + -14 - -11).
-14
What is (-57 - -62) + (-3 - -2 - 0) + 7?
11
Evaluate -104 + 87 - (-1 - 21).
5
597 + -588 + (2 - 0)
11
Calculate (-3 - -16) + (0 + -6 + 2 - 2).
7
Calculate -5 - 0 - (-4 + 2) - (-1445 - -1446).
-4
-16 + -1 - -7 - (6 + 2)
-18
Evaluate (5 - (9 + -4 + 0)) + -4 + 7.
3
What is the value of -2 + 4 - ((7 - 9) + 5 - 9)?
8
-26 + (27 - (-23 + 48))
-24
What is the value of 13 - (7 + -11) - 10?
7
What is (0 - -5 - (10 + -4)) + (2 - -10)?
11
Evaluate -1 + -1 + 5 - (-14 + 15).
2
10 + (-9 - (-2 + (9 - 19)))
13
-38 + -26 + (5 - -52)
-7
What is the value of -67 + 104 + (-7 - 1)?
29
Calculate -1 + (-15 - -2) - -16.
2
What is the value of 0 + (5 + -15 - -4) - (7 - 18)?
5
Evaluate -4 - -4 - ((7 - -18) + -33).
8
Calculate -14 - (11 - 18) - (0 - -1).
-8
What is -18 - (-16 + 13) - -15?
0
What is the value of 5 + (-1 - -6 - 8) + (-12 - -4)?
-6
What is (3 - (3 + 8 + -5 + -3)) + -1?
-1
What is -8 + (-12 - -13) + -7?
-14
(-2 + 11 + -6 - 3) + 2
2
Evaluate -16 - (-10 - (20 + -12 + -3)).
-1
Calculate 1 - 5 - (5 - 13) - 5.
-1
Evaluate 15 - -1 - (-9 - (-11 - -1)).
15
What is the value of -39 + 5 + 32 + (0 - -9)?
7
What is the value of (-1 - 8) + (60 - 56) - -2 - -8?
5
Evaluate (2 - (-3 + (-10 - -27))) + 23.
11
Calculate 13 - 29 - -29 - 28.
-15
Evaluate 8 + (1 - -9) - (-3 + 12).
9
Evaluate (0 - 8) + (-123 - -127).
-4
What is the value of 33 - ((9 - 5) + 8) - 2?
19
What is the value of 11 + -10 + (3 - 0 - 4) + 8?
8
What is the value of (15 - 0) + (-110 + 35 - -37)?
-23
What is 11 + 0 + 1 + -20 + 13?
5
What is the value of (-46 + 51 - (-1 - 7)) + -7 - 36?
-30
-4 + 0 + 24 + -13
7
(3 - -15) + (-19 - 2)
-3
Evaluate (-22 + 0 - -19) + -13.
-16
0 - ((4 - 6) + 3 - 9)
8
Evaluate 20 - 8 - 20 - -6.
-2
19 + -16 - 0 - -11
14
Evaluate 0 + (1 - (8 - 5 - 6)) - -13.
17
What is 15 - (-3 + (6 - 1) + 3) - -1?
11
Calculate -4 + -1 + 2 - ((31 - -11) + -40).
-5
What is 1 + -36 + (18 + -41 - -30)?
-28
What is -6 - (26 + -49 + -7)?
24
1 + 5 - (-12 + (12 - -12))
-6
What is the value of (8 - 17) + 15 - (0 - -3)?
3
Evaluate 30 + -31 + (-2 + -1 - 5).
-9
Calculate -4 + 16 + 3 + (10 - 19).
6
-12 - 1 - (33 + -38)
-8
Calculate -11 - ((27 - 14) + 2 - -6).
-32
What is (-11 - -8 - -17) + -2?
12
What is the value of -32 + 42 + -43 + 21?
-12
-195 + 187 + 6 + -1 - (-39 + 0)
36
Evaluate -488 + 485 + (2 - 1) + 21.
19
Evaluate -5 + (6 - (-4 + -1)) + -3 + -6.
-3
What is the value of 19 - ((-4 - 17) + 40)?
0
What is (-1 + -11 - (11 - 18)) + (1 - -19)?
15
Calculate -3 - -1 - 4 - (-17 - (-32 - -15)).
-6
Calculate (10 - (-15 + 32)) + (20 - -3).
16
What is the value of -33 + 40 + 1 + -20?
-12
What is the value of -1 - 1 - ((-13 - -19) + -7)?
-1
-20 - (3 - (21 + -4)) - -5
-1
What is 0 - (1 + -5 + 10 - 12)?
6
What is 23 + 46 + (2 - 41)?
30
What is the value of (20 - 18) + (-9 - -1)?
-6
Evaluate 1 + (-1 - 6 - (-21 - -18) - 3).
-6
Calculate (-1 - 19) + (985 - 957).
8
Evaluate 10 + -136 + 119 + -10 + 0.
-17
Calculate -10 + 4 + (-3 - 3) - -1.
-11
What is 6 + (-31 - -40) + 2 + 11?
28
Calculate 229 + -249 - (0 + -13).
-7
Calculate 2 + 2 + 7 + -19 + -7.
-15
Evaluate 11 - (21 + -14 + -1 + -1).
6
Calculate 19 + (-54 - (-19 - -2)).
-18
What is the value of 17 + (16 - 14) + -16?
3
What is -7 - (-9 - -17) - (-6 + 4 + 8)?
-21
-32 + 41 - (-2 - (-7 + 3))
7
Calculate 12 + -25 - (4 + -12).
-5
What is 3 + -3 - (0 - 7 - (63 + -55))?
15
Evaluate 6 + -1 + (-15 - 1) + 392 + -402.
-21
-1 - -8 - (-20 + 2 - (229 - 237))
17
Evaluate 9 - (-2 + (0 - -9 - 4)).
6
What is 34 + -5 + -25 - (-2 - (-6 - 2))?
-2
Evaluate -8 - 0 - (-10 + 46 + -38).
-6
What is the value of (226 - 226) + (-3 - (-3 - 4)) + -19?
-15
Calculate 4 - -2 - (-13 - -16 - (3 + 10)).
16
Calculate -28 - (-26 + -4) - ((1 - 0) + 8).
-7
What is -1 + 5 + (-10 - (6 + -9) - -7)?
4
0 + -25 + (833 - 789)
19
Evaluate 5 + 23 + -3 + -11 + -10 - 1.
3
What is the value of (-12 + 4 - -1) + 1?
-6
What is 2 - -11 - -1 - (62 + -67)?
19
(19 + -16 - (0 + 0 + -2)) + -11
-6
What is 6 - (12 - 3) - (8 - (-3 + 18))?
4
Evaluate -28 - (-21 + -2) - (13 - (6 + -4)).
-16
Evaluate -15 - (-6 - (5 - -12)).
8
What is (8 - (13 + -6)) + -4 + -3?
-6
Evaluate 5 + (-2 + -11 - 0) + 29.
21
8 + (-3 - (-11 + 6)) + -3
7
-17 + (21 - 11) - (36 - 4)
-39
Evaluate 3 + -2 + -13 + (-14 - -14 - -5).
-7
Evaluate 4 - 6 - (-14 + 1 - 1).
12
What is the value of ((-17 - -2) + -16 - -7) + 0?
-24
What is the value of (11 - (-36 + 29)) + -14?
4
(7 - 4) + -5 - (19 + -29)
8
Calculate -14 + (35 - 32) - (2 + -21).
8
-10 + (9 - 9) + 19 + -5
4
(-8 + (16 - 12) - (-1 + -1)) + -19
-21
Calculate -6 + -1 + (-194 - -199).
-2
What is 41 + -51 + 2 + (1 - (-1 - -1))?
-7
Evaluate -4 - (-6 - (-8 + 0) - 11) - 0.
5
What is -7 + (16 - (-9 + 10 + -5))?
13
What is the value of -1 - (-49 - -26) - 21?
1
Calculate 2 - 16 - (22 - 35).
-1
What is -34 + (12 + -6 - -22)?
-6
Calculate -8 - (2 + -2) - (68 - 83) - 2.
5
Calculate 29 + -7 - 23 - (11 - -2).
-14
What is -6 + -3 - (-15 + 1)?
5
-8 + 3 - (-15 - -5 - -5) - -9
9
What is (-3 - (2 - 8)) + 2 + -3?
2
(-47 - (-27 + -3)) + -2
-19
What is (-2 - -6) + (-15 - -8 - 4) + 19?
12
Calculate -12 + (-7 - (4 - 1)) + 32.
10
Evaluate 19 - -2 - (16 - 7) - 0.
12
What is -39 - (-7 - (4 - -24))?
-4
(-13 - -3) + -6 + 11
-5
-48 + 58 - ((-3 - -6) + 9)
-2
Calculate (19 - (14 - -5)) + 3.
3
Evaluate (-8 + 7 - -5) + 3 - 11.
-4
-2 + (2 - -9) + (-208 - -200) - 22
-21
Evaluate (17 + -20 - 15) + 9 - (0 - 7).
-2
Evaluate -2 + -39 - (-258 - -214).
3
Evaluate (109 - 98) + -1 +